{"id":44,"date":"2024-03-04T16:51:57","date_gmt":"2024-03-04T15:51:57","guid":{"rendered":"https:\/\/augenoptik-christian.de\/augenoptik\/?page_id=44"},"modified":"2024-03-04T16:57:06","modified_gmt":"2024-03-04T15:57:06","slug":"haftungsausschluss","status":"publish","type":"page","link":"https:\/\/augenoptik-christian.de\/augenoptik\/haftungsausschluss\/","title":{"rendered":"Haftungsausschluss"},"content":{"rendered":"<p>[et_pb_section fb_built=&#8220;1&#8243; _builder_version=&#8220;4.24.2&#8243; _module_preset=&#8220;default&#8220; background_image=&#8220;https:\/\/augenoptik-christian.de\/augenoptik\/wp-content\/uploads\/2024\/03\/rodenstock_background-1-1.jpg&#8220; global_colors_info=&#8220;{}&#8220;][et_pb_row column_structure=&#8220;3_4,1_4&#8243; _builder_version=&#8220;4.24.2&#8243; _module_preset=&#8220;default&#8220; global_colors_info=&#8220;{}&#8220;][et_pb_column type=&#8220;3_4&#8243; _builder_version=&#8220;4.24.2&#8243; _module_preset=&#8220;default&#8220; global_colors_info=&#8220;{}&#8220;][et_pb_text _builder_version=&#8220;4.24.2&#8243; _module_preset=&#8220;default&#8220; hover_enabled=&#8220;0&#8243; sticky_enabled=&#8220;0&#8243;]<\/p>\n<h1>Haftungsausschluss<\/h1>\n<p>[\/et_pb_text][et_pb_text _builder_version=&#8220;4.24.2&#8243; _module_preset=&#8220;default&#8220; global_colors_info=&#8220;{}&#8220;]<\/p>\n<p><strong><span my=\"my\">1. Verweise und Links<\/span><\/strong><\/p>\n<p><span my=\"my\">Bei direkten oder indirekten Verweisen auf fremde Internetseiten (\u201eLinks\u201c), die au\u00dferhalb unseres Verantwortungsbereiches liegen, w\u00fcrde eine Haftungsverpflichtung ausschlie\u00dflich in dem Fall in Kraft treten, in dem wir von den Inhalten Kenntnis h\u00e4tten und es uns technisch m\u00f6glich und zumutbar w\u00e4re, die Nutzung im Falle rechtswidriger Inhalte zu verhindern. Wir erkl\u00e4ren hiermit ausdr\u00fccklich, dass zum Zeitpunkt der Linksetzung keine illegalen Inhalte auf den zu verlinkenden Seiten erkennbar waren.<\/span><\/p>\n<p><span my=\"my\">Auf die aktuelle und zuk\u00fcnftige Gestaltung, die Inhalte oder die Urheberschaft der gelinkten\/verkn\u00fcpften Seiten haben wir keinerlei Einfluss. Deshalb distanzieren wir uns hiermit ausdr\u00fccklich von allen Inhalten aller gelinkten \/verkn\u00fcpften Seiten, die nach der Linksetzung ver\u00e4ndert wurden. Diese Feststellung gilt f\u00fcr alle innerhalb des eigenen Internetangebotes gesetzten Links. F\u00fcr illegale, fehlerhafte oder unvollst\u00e4ndige Inhalte und insbesondere f\u00fcr Sch\u00e4den, die aus der Nutzung oder Nichtnutzung solcherart dargebotener Informationen entstehen, haftet allein der Anbieter der Seite, auf welche verwiesen wurde, nicht derjenige, der \u00fcber Links auf die jeweilige Ver\u00f6ffentlichung lediglich verweist.<\/span><\/p>\n<p><strong><span my=\"my\">2. Rechtswirksamkeit dieses Haftungsausschlusses<\/span><\/strong><\/p>\n<p><span my=\"my\">Dieser Haftungsausschluss ist als Teil des Internetangebotes zu betrachten, von dem aus auf diese Seite verwiesen wurde. Sofern Teile oder einzelne Formulierungen dieses Textes der geltenden Rechtslage nicht, nicht mehr oder nicht vollst\u00e4ndig entsprechen sollten, bleiben die \u00fcbrigen Teile des Dokumentes in ihrem Inhalt und ihrer G\u00fcltigkeit davon unber\u00fchrt.<\/span><\/p>\n<p><span my=\"my\">Stand M\u00e4rz 2006<\/span><\/p>\n<p><span my=\"my\">1. Speicherung von Zugriffsdaten<\/span><\/p>\n<p><span my=\"my\">Bei jedem Zugriff eines Nutzers auf unsere Homepage und bei jedem Abruf einer Datei werden Zugriffsdaten \u00fcber diesen Vorgang in einer Protokolldatei auf unserem Server gespeichert.<\/span><\/p>\n<p><span my=\"my\">Jeder Datensatz besteht aus:<\/span><\/p>\n<p><span my=\"my\">\u00b7 der Seite, von der aus die Datei angefordert wurde<\/span><br \/><span my=\"my\">\u00b7 dem Namen der Datei<\/span><br \/><span my=\"my\">\u00b7 dem Datum und Uhrzeit der Anforderung<\/span><br \/><span my=\"my\">\u00b7 der \u00fcbertragene Datenmenge<\/span><br \/><span my=\"my\">\u00b7 dem Zugriffsstatus (Datei \u00fcbertragen, Datei nicht gefunden etc.)<\/span><br \/><span my=\"my\">\u00b7 einer Beschreibung des Typs des verwendeten Webbrowsers<\/span><br \/><span my=\"my\">\u00b7 Client IP<\/span><\/p>\n<p><span my=\"my\">Die gespeicherten Daten werden ausschlie\u00dflich zu statistischen Zwecken ausgewertet, eine Weitergabe an Dritte, zu kommerziellen oder zu nichtkommerziellen Zwecken, findet nicht statt.<\/span><\/p>\n<p><span my=\"my\">Als Nutzer haben Sie das Recht, auf Antrag unentgeltlich Auskunft \u00fcber die \u00fcber sie gespeicherten personenbezogenen Daten zu erhalten. Zus\u00e4tzlich haben sie nach Ma\u00dfgabe der gesetzlichen Bestimmungen ein Recht auf Berichtigung, Sperrung und L\u00f6schung dieser personenbezogenen Daten.<\/span><\/p>\n<p><span my=\"my\">2. Cookies<\/span><\/p>\n<p><span my=\"my\">Wir setzen keine Cookies ein.<\/span><\/p>\n<p><span my=\"my\">Auf verlinkten Seiten kommen m\u00f6glicherweise Cookies zum Einsatz, ohne dass wir Sie darauf hinweisen k\u00f6nnen.<\/span><\/p>\n<p><span my=\"my\">Die meisten Browser sind so eingestellt, dass sie Cookies automatisch akzeptieren. Sie k\u00f6nnen das Speichern von Cookies jedoch deaktivieren oder Ihren Browser so einstellen, dass er Sie benachrichtigt, sobald Cookies gesendet werden.<\/span><\/p>\n<p><span my=\"my\">3. Links zu anderen Websites<\/span><\/p>\n<p><span my=\"my\">Unsere Homepage enth\u00e4lt auch Links zu anderen Websites.<\/span><\/p>\n<p><span my=\"my\">Wir haben keinen Einfluss darauf, dass deren Betreiber die Datenschutzbestimmungen einhalten.<\/span><\/p>\n<p>[\/et_pb_text][\/et_pb_column][et_pb_column type=&#8220;1_4&#8243; _builder_version=&#8220;4.24.2&#8243; _module_preset=&#8220;default&#8220; global_colors_info=&#8220;{}&#8220;][et_pb_sidebar _builder_version=&#8220;4.24.2&#8243; _module_preset=&#8220;default&#8220; global_colors_info=&#8220;{}&#8220;][\/et_pb_sidebar][\/et_pb_column][\/et_pb_row][\/et_pb_section]<\/p>\n","protected":false},"excerpt":{"rendered":"<p>Haftungsausschluss1. Verweise und Links Bei direkten oder indirekten Verweisen auf fremde Internetseiten (\u201eLinks\u201c), die au\u00dferhalb unseres Verantwortungsbereiches liegen, w\u00fcrde eine Haftungsverpflichtung ausschlie\u00dflich in dem Fall in Kraft treten, in dem wir von den Inhalten Kenntnis h\u00e4tten und es uns technisch m\u00f6glich und zumutbar w\u00e4re, die Nutzung im Falle rechtswidriger Inhalte zu verhindern. Wir erkl\u00e4ren hiermit [&hellip;]<\/p>\n","protected":false},"author":1,"featured_media":0,"parent":0,"menu_order":0,"comment_status":"closed","ping_status":"closed","template":"","meta":{"_et_pb_use_builder":"on","_et_pb_old_content":"","_et_gb_content_width":"","footnotes":""},"class_list":["post-44","page","type-page","status-publish","hentry"],"_links":{"self":[{"href":"https:\/\/augenoptik-christian.de\/augenoptik\/wp-json\/wp\/v2\/pages\/44","targetHints":{"allow":["GET"]}}],"collection":[{"href":"https:\/\/augenoptik-christian.de\/augenoptik\/wp-json\/wp\/v2\/pages"}],"about":[{"href":"https:\/\/augenoptik-christian.de\/augenoptik\/wp-json\/wp\/v2\/types\/page"}],"author":[{"embeddable":true,"href":"https:\/\/augenoptik-christian.de\/augenoptik\/wp-json\/wp\/v2\/users\/1"}],"replies":[{"embeddable":true,"href":"https:\/\/augenoptik-christian.de\/augenoptik\/wp-json\/wp\/v2\/comments?post=44"}],"version-history":[{"count":4,"href":"https:\/\/augenoptik-christian.de\/augenoptik\/wp-json\/wp\/v2\/pages\/44\/revisions"}],"predecessor-version":[{"id":56,"href":"https:\/\/augenoptik-christian.de\/augenoptik\/wp-json\/wp\/v2\/pages\/44\/revisions\/56"}],"wp:attachment":[{"href":"https:\/\/augenoptik-christian.de\/augenoptik\/wp-json\/wp\/v2\/media?parent=44"}],"curies":[{"name":"wp","href":"https:\/\/api.w.org\/{rel}","templated":true}]}}